 the remainder when 150 is divided by 120.
30
What is the remainder when 165 is divided by 7?
4
What is the remainder when 39 is divided by 14?
11
Calculate the remainder when 236 is divided by 50.
36
Calculate the remainder when 2487 is divided by 28.
23
Calculate the remainder when 1227 is divided by 24.
3
Calculate the remainder when 398 is divided by 194.
10
What is the remainder when 2110 is divided by 5?
0
Calculate the remainder when 172 is divided by 34.
2
What is the remainder when 2060 is divided by 86?
82
Calculate the remainder when 781 is divided by 17.
16
Calculate the remainder when 567 is divided by 57.
54
What is the remainder when 2057 is divided by 43?
36
Calculate the remainder when 225 is divided by 11.
5
Calculate the remainder when 723 is divided by 3.
0
What is the remainder when 190 is divided by 20?
10
What is the remainder when 1232 is divided by 9?
8
What is the remainder when 3548 is divided by 198?
182
What is the remainder when 54 is divided by 26?
2
What is the remainder when 566 is divided by 21?
20
Calculate the remainder when 78 is divided by 4.
2
What is the remainder when 106 is divided by 17?
4
Calculate the remainder when 163 is divided by 12.
7
Calculate the remainder when 60981 is divided by 11.
8
What is the remainder when 21417 is divided by 10706?
5
Calculate the remainder when 146 is divided by 34.
10
What is the remainder when 1533 is divided by 39?
12
What is the remainder when 1019 is divided by 56?
11
Calculate the remainder when 954 is divided by 226.
50
Calculate the remainder when 1977 is divided by 46.
45
What is the remainder when 259 is divided by 2?
1
What is the remainder when 223 is divided by 112?
111
What is the remainder when 328 is divided by 10?
8
What is the remainder when 4509 is divided by 188?
185
Calculate the remainder when 2479 is divided by 31.
30
What is the remainder when 270 is divided by 65?
10
What is the remainder when 994 is divided by 184?
74
Calculate the remainder when 164 is divided by 14.
10
What is the remainder when 57 is divided by 18?
3
Calculate the remainder when 312 is divided by 62.
2
What is the remainder when 7173 is divided by 199?
9
What is the remainder when 85 is divided by 23?
16
What is the remainder when 241 is divided by 28?
17
Calculate the remainder when 483 is divided by 286.
197
What is the remainder when 4282 is divided by 119?
117
What is the remainder when 52 is divided by 35?
17
What is the remainder when 361 is divided by 88?
9
What is the remainder when 1741 is divided by 63?
40
What is the remainder when 2508 is divided by 28?
16
Calculate the remainder when 32 is divided by 1.
0
What is the remainder when 503 is divided by 23?
20
Calculate the remainder when 56 is divided by 23.
10
What is the remainder when 71 is divided by 7?
1
Calculate the remainder when 2271 is divided by 60.
51
What is the remainder when 152 is divided by 80?
72
What is the remainder when 60 is divided by 50?
10
Calculate the remainder when 947 is divided by 10.
7
What is the remainder when 452 is divided by 68?
44
Calculate the remainder when 573 is divided by 96.
93
Calculate the remainder when 4501 is divided by 79.
77
Calculate the remainder when 215 is divided by 24.
23
What is the remainder when 229 is divided by 39?
34
What is the remainder when 108 is divided by 7?
3
What is the remainder when 147 is divided by 108?
39
What is the remainder when 468 is divided by 167?
134
What is the remainder when 399 is divided by 67?
64
Calculate the remainder when 3907 is divided by 301.
295
Calculate the remainder when 1595 is divided by 57.
56
What is the remainder when 30 is divided by 15?
0
Calculate the remainder when 245 is divided by 191.
54
Calculate the remainder when 26 is divided by 9.
8
Calculate the remainder when 349 is divided by 161.
27
Calculate the remainder when 989 is divided by 328.
5
What is the remainder when 182 is divided by 3?
2
Calculate the remainder when 75 is divided by 28.
19
Calculate the remainder when 61 is divided by 33.
28
Calculate the remainder when 175 is divided by 166.
9
Calculate the remainder when 290 is divided by 38.
24
What is the remainder when 656 is divided by 215?
11
Calculate the remainder when 94 is divided by 70.
24
What is the remainder when 507 is divided by 67?
38
What is the remainder when 42 is divided by 7?
0
What is the remainder when 10377 is divided by 2589?
21
Calculate the remainder when 479 is divided by 60.
59
Calculate the remainder when 345 is divided by 35.
30
What is the remainder when 1758 is divided by 35?
8
What is the remainder when 210 is divided by 88?
34
Calculate the remainder when 504 is divided by 57.
48
Calculate the remainder when 14101 is divided by 86.
83
What is the remainder when 141 is divided by 66?
9
What is the remainder when 182 is divided by 42?
14
Calculate the remainder when 176 is divided by 50.
26
Calculate the remainder when 614 is divided by 14.
12
What is the remainder when 83 is divided by 71?
12
Calculate the remainder when 166 is divided by 28.
26
Calculate the remainder when 218 is divided by 64.
26
What is the remainder when 968 is divided by 67?
30
Calculate the remainder when 1191 is divided by 79.
6
What is the remainder when 29 is divided by 10?
9
What is the remainder when 81 is divided by 35?
11
What is the remainder when 431 is divided by 48?
47
Calculate the remainder when 4906 is divided by 409.
407
Calculate the remainder when 193 is divided by 88.
17
What is the remainder when 15255 is divided by 5082?
9
Calculate the remainder when 395 is divided by 11.
10
What is the remainder when 1374 is divided by 86?
84
What is the remainder when 280 is divided by 137?
6
What is the remainder when 571 is divided by 234?
103
Calculate the remainder when 2906 is divided by 3.
2
What is the remainder when 1609 is divided by 134?
1
Calculate the remainder when 19713 is divided by 318.
315
What is the remainder when 128 is divided by 44?
40
Calculate the remainder when 81359 is divided by 339.
338
Calculate the remainder when 1721 is divided by 36.
29
What is the remainder when 31587 is divided by 27?
24
What is the remainder when 1580 is divided by 61?
55
What is the remainder when 115 is divided by 59?
56
Calculate the remainder when 740 is divided by 183.
8
Calculate the remainder when 1002 is divided by 15.
12
Calculate the remainder when 3286 is divided by 126.
10
Calculate the remainder when 995 is divided by 33.
5
Calculate the remainder when 581 is divided by 84.
77
What is the remainder when 4576 is divided by 24?
16
Calculate the remainder when 7429 is divided by 10.
9
What is the remainder when 94 is divided by 22?
6
What is the remainder when 192 is divided by 69?
54
Calculate the remainder when 4871 is divided by 116.
115
Calculate the remainder when 102 is divided by 85.
17
Calculate the remainder when 532 is divided by 164.
40
Calculate the remainder when 2288 is divided by 189.
20
What is the remainder when 677 is divided by 336?
5
Calculate the remainder when 749 is divided by 25.
24
What is the remainder when 1113 is divided by 5?
3
Calculate the remainder when 180 is divided by 26.
24
Calculate the remainder when 103 is divided by 47.
9
Calculate the remainder when 120 is divided by 46.
28
Calculate the remainder when 428 is divided by 147.
134
Calculate the remainder when 248 is divided by 64.
56
What is the remainder when 7073 is divided by 61?
58
Calculate the remainder when 21 is divided by 10.
1
Calculate the remainder when 778 is divided by 46.
42
Calculate the remainder when 825 is divided by 59.
58
Calculate the remainder when 387 is divided by 14.
9
Calculate the remainder when 14409 is divided by 136.
129
What is the remainder when 114 is divided by 3?
0
Calculate the remainder when 2627 is divided by 871.
14
Calculate the remainder when 134 is divided by 45.
44
What is the remainder when 38 is divided by 27?
11
Calculate the remainder when 563 is divided by 6.
5
Calculate the remainder when 1793 is divided by 26.
25
Calculate the remainder when 44 is divided by 35.
9
Calculate the remainder when 2684 is divided by 6.
2
Calculate the remainder when 3429 is divided by 17.
12
Calculate the remainder when 113 is divided by 21.
8
Calculat